2*x + 12. Let y(a) be the second derivative of a**3/3 + 3*a**2/2 + 5*a. Give y(x).
-7
Suppose -10 = -2*l + 4*m + 8, -5*l + 3*m + 24 = 0. Let x(t) = 5 + 6*t + 0 - 2*t - l*t. Let k be (-2)/(-5) + 6/(-15). Determine x(k).
5
Let s = -85 + 125. Suppose -2*j + 1 = 2*j + 3*c, -5*j + 4*c = -s. Suppose -11 = -2*a + j*a - 3*o, 5*o = 5. Let b(g) = -g**3 - 5*g**2 - 4*g. Give b(a).
0
Suppose h - 6*h + 15 = 0. Let m(l) = 4 + 2*l**2 - l**3 + 0*l**3 - 4*l**2 - h*l - 3*l**2. What is m(-4)?
0
Let a(j) = j**3 - 2*j**2 + 6*j - 1. Let x(o) = -o**3 + 3*o**2 - 7*o + 2. Let q(n) = 6*a(n) + 5*x(n). Calculate q(-3).
1
Let w = -6 + 10. Let k(o) = 5 + w*o + 0 - 3 - 1. Give k(-1).
-3
Let r(n) = -n**2 + 10*n + 8. Suppose -10*k - 36 = -14*k. Give r(k).
17
Let s(q) be the first derivative of -q**4/4 - 4*q**3/3 - q**2/2 + q + 4. Let x be 9/(-6)*(-2)/(-1). Determine s(x).
-5
Suppose 3*s = 13 - 1. Let l(r) = 5*r - 3. What is l(s)?
17
Let r(z) = -2*z - 3*z - 1 - z**2 + 4 + 1. Let j be r(-5). Let w(i) be the third derivative of i**4/24 - 5*i**3/6 - 2*i**2. What is w(j)?
-1
Let x be 1 + 0/(-2) + 0. Let n(z) = -x + z**2 - 2*z - 2*z + z**3 + 0. Let m = 33 + -36. What is n(m)?
-7
Let f = -1 - -6. Let m(x) = -x - 2. Give m(f).
-7
Let j(k) = 3*k - 6. Let x(a) = 1. Let i(s) = -j(s) - 3*x(s). Let p be i(2). Let c(n) = 3*n + 8. Let t(l) = -1. Let r(g) = -c(g) - 5*t(g). Calculate r(p).
6
Let n(t) be the first derivative of -t**3/3 + 3*t**2 - 2*t - 3. Suppose a + a = 0. Let k = 5 - a. What is n(k)?
3
Let j(g) = 5*g**3 + 8*g**2 + 5*g + 33. Let h(q) = 2*q**3 + 3*q**2 + 2*q + 11. Let r(u) = 8*h(u) - 3*j(u). Determine r(0).
-11
Let b be (-9)/(-5) + (-2)/(-10). Suppose -2*a + b = -a. Let n(d) = -d**3 - a*d - d**3 + 3*d + 1. What is n(-1)?
2
Let p be (-3)/(-2)*20/15. Let s(c) = 2*c + 2*c - 2 - 2*c**2 - c**2. Give s(p).
-6
Let m be 1/(-2)*(-1 - -21). Let v = 8 + m. Let r(q) = q**2 + 1. What is r(v)?
5
Let f(c) be the second derivative of -c**3/6 + 5*c**2 + 10*c. Determine f(7).
3
Let l(y) = -85*y**2 - 16*y. Let q(n) = 17*n**2 + 3*n. Let h(g) = 2*l(g) + 11*q(g). Give h(1).
18
Let q be (-2)/5 - (-76)/(-10). Let p = -8 - q. Let w(v) = -v**3 - v**2 + v + 6. Give w(p).
6
Let k(m) = m + 2. Let w = 1 + -1. Let c = 6 + w. Determine k(c).
8
Let d(v) = -v**2 - 1. Suppose -x + 2*x - 1 = 0. Let l = x - 0. What is d(l)?
-2
Let j(l) = l**3 + 12*l**2 - 13*l + 3. Let y be j(-13). Let p(z) = -z + 1. Give p(y).
-2
Let w(o) be the third derivative of o**6/120 - o**5/12 + o**4/12 - o**2. Let y(v) = v**2 - 6*v + 7. Let l be y(6). Let k = -3 + l. Determine w(k).
-8
Suppose 0 + 10 = 5*b. Suppose -b*f - 1 = 1. Let s(r) = -4*r + 3. Let h(m) = -8*m + 7. Let q(i) = -2*h(i) + 5*s(i). Give q(f).
5
Suppose n - 2 = -z, -4*z - 1 + 3 = 2*n. Suppose 0 = n*w - 8*w + 5*i, 0 = -3*w - i. Let t be 1*(w + 0 + 1). Let y(u) = u**3 + 2*u - 1. Determine y(t).
2
Let j be (0 - -2) + -5 + 2. Let m(x) be the third derivative of 7*x**5/60 + x**2. Calculate m(j).
7
Let h(d) = -6 + 8 - 5 - 2*d. Calculate h(3).
-9
Let v(f) = -5*f**2 - 4*f - 2. Suppose -2*u - 6 - 2 = 0. Let o(i) = -i**2. Let w(j) = u*o(j) + v(j). Calculate w(-4).
-2
Let q = 14 + -17. Let g(d) be the first derivative of -d**4/12 - d**3/3 + d**2 + d + 1. Let o(w) be the first derivative of g(w). Determine o(q).
-1
Let o(b) be the first derivative of -b**2 - b + 1. Let t be 6 + -5 + -1 + 3. Give o(t).
-7
Let o be (-1)/((3 + -1)/2)*0. Let a(d) = d + 13. Determine a(o).
13
Let o(h) be the third derivative of h**4/8 - h**3/2 - 40*h**2. Determine o(5).
12
Let o = -2 - -3. Let u(m) = 4*m**3 - 3*m**2 + 2*m - 3. Suppose 2*y - 2 = 2. Let a(f) = f**2 + 1. Let c(j) = y*a(j) + u(j). Calculate c(o).
4
Let q(d) be the third derivative of d**5/60 - d**4/12 + d**3/6 - d**2. Let u be 0/2 + (0 - 4). Let x = u + 7. Determine q(x).
4
Let u(s) = s + 3. Suppose 2*m = -2*t + 2 + 2, 4*t - 53 = 5*m. Suppose t = f + 1. Let r(o) = -o - 2. Let x(w) = f*r(w) + 5*u(w). Calculate x(5).
-2
Let q(v) = -4*v + 3*v**3 + v**3 + 2 - 3*v**3 - 3*v**2. Let x be q(4). Let g(s) be the second derivative of s**4/12 + s**3/6 - s**2/2 + 2*s. Give g(x).
5
Let q = -1 - 3. Let z be (-2)/(-4) - q/8. Let r(y) = 1 + 5*y**3 - 4*y**3 + 5*y**2 + z + y. What is r(-5)?
-3
Let u(j) = j + 3. Let t be u(0). Let r(l) be the first derivative of l**2/2 + l + 3. What is r(t)?
4
Let j(o) = -4*o + 0 + 0. Suppose -20 + 2 = -6*g. Determine j(g).
-12
Let p(s) be the second derivative of -s**4/6 - 2*s**3/3 - 20*s. Calculate p(-3).
-6
Let l = -3 - -2. Let v(t) = t. Let f(c) = c**2 - 5*c + 3. Let s(g) = l*f(g) + v(g). Suppose 2*i + 1 = 11. What is s(i)?
2
Suppose 3*k + 32 = 5*p, 2*k + 0*k + 28 = 5*p. Let s(a) = a**3 + 4*a**2 + 2*a - 3. Give s(k).
-11
Let q(f) = 2*f**3 - f**2 + 1. Let h(z) = -3*z**3 + 2*z**2 - 1. Let g(b) = 5*h(b) + 7*q(b). What is g(4)?
-14
Suppose -2*i + 8 = 0, -2*z - 3*i + 4 = -12. Let p(a) = 2*a - 3. Determine p(z).
1
Let m be -2*2/(0 - -2). Let o(i) = 23*i - 7. Let l(d) = 11*d - 3. Let b be (-32)/(-6) + 4/6. Let g(r) = b*o(r) - 13*l(r). What is g(m)?
7
Let i(d) = -d**3 - 12*d**2 + 11*d - 17. Let s be i(-13). Let j(v) = -2*v + 3. Determine j(s).
-15
Let k(z) be the third derivative of z**4/24 + 2*z**3/3 - 19*z**2. Give k(-6).
-2
Let p(q) = -2*q - 4. Suppose -z - 3 = 2. Let i be p(z). Suppose -2*j = j - i. Let a(s) = s**3 - 3*s**2 + 2*s + 2. Give a(j).
2
Let t(p) = 44*p**3 + 4 - 20*p**3 + 5*p**2 + 4*p - 23*p**3. Suppose 10 = s - 5. Let o be (-20)/(-6)*(-18)/s. Give t(o).
4
Let c(p) = p**2 - 7*p + 4. Suppose -4 = 2*s - 0*s, -42 = 5*t - 4*s. Let b be 46/10 + (-4)/t. Calculate c(b).
-6
Let k(r) = r**2 - r + 1. Let u be k(2). Let m(c) be the first derivative of -5*c**2/2 + 2*c + 2. Let i(a) = a + 1. Let j(h) = -4*i(h) - m(h). Give j(u).
-3
Let l(n) = n**3 - 5*n**2 - 9*n + 9. Let h be 18/(-4)*8/(-6). What is l(h)?
-9
Suppose 0*n - 6 = -2*n. Let i(v) be the first derivative of -v**4/4 + v**3 - v**2 - 2*v - 8. Give i(n).
-8
Let s(h) be the third derivative of -13*h**4/24 - h**3/6 - 2*h**2. What is s(-1)?
12
Let n(t) = t**3 + t**2 + t - 1. Let k(p) = 4*p**3 - 3*p**2 - 3*p + 3. Suppose -f + 4 = -2*c + 2, 0 = f. Let a(y) = c*k(y) - 3*n(y). Determine a(1).
-7
Let b(u) = u**3 - 6*u**2 + 11*u + 7. Let n(q) = 2*q**3 - 13*q**2 + 24*q + 15. Let k(i) = 13*b(i) - 6*n(i). Let v be (-1 - -1)*1/2. Calculate k(v).
1
Let f(d) be the third derivative of -d**7/2520 - d**6/360 - d**5/120 - 7*d**4/24 + 2*d**2. Let j(z) be the second derivative of f(z). Determine j(-1).
0
Let n(c) be the second derivative of -5/6*c**3 + 1/2*c**2 + 1/20*c**5 + 0 - 3*c - 1/4*c**4. What is n(4)?
-3
Let k = -1 - 3. Let g(m) = -m**2 - 2*m + 2. Give g(k).
-6
Let g(f) = -7*f - 1. Suppose 3*t = -2*t. Suppose -5*r + 2*r + 6 = t. Let y be (2 - (-9)/(-6))*r. Determine g(y).
-8
Let h = -1 - -5. Let u = h - -1. Suppose 7 = 4*t - u*t + 4*l, t + l = 8. Let q(n) = -n + 1. Determine q(t).
-4
Let d = 14 - 12. Let i(h) = -h**2 + 3*h + 2. Let v be i(3). Let b(s) = 6*s + s**2 - 2 - 1 - 2*s**v. Give b(d).
5
Let x be (-3)/((-3)/(-1)) - 2. Let h be x/(-3) - (-8)/2. Let y(p) = -p**3 + 6*p**2 - 7*p - 2. Calculate y(h).
-12
Let d(v) be the third derivative of v**2 + 0 - 1/360*v**6 + 0*v**3 + 1/40*v**5 + 0*v + 1/6*v**4. Let c(u) be the second derivative of d(u). Give c(3).
-3
Let s(b) be the first derivative of -2*b**4 + 2*b**3/3 - b + 3. Determine s(-1).
9
Suppose 5 + 4 = p. Let w = -8 - -11. Suppose p = -w*r - 0. Let f(s) = -s + 1. Determine f(r).
4
Let w(h) = -h**3 + 5*h**2 - 2*h - 3. Let o be w(4). Suppose 2*g = 5*b - 6, 0*b + o*b + 9 = -3*g. Let s(z) = 3*z + 2. What is s(g)?
-7
Let c = -3 + 6. Suppose -4 = c*n - 2*n. Let z(x) be the first derivative of -3*x**2/2 - 6*x - 8. Calculate z(n).
6
Let k(f) = f**3 - f**2 - 2*f - 3. Let o = 19 - 18. Let z = o + -3. Calculate k(z).
-11
Let h(f) = f - 1. Suppose 0 = -5*l - 17 - 13. Determine h(l).
-7
Let a = 6 - 6. Let n(v) = -3 + 3 + 5 - v. Calculate n(a).
5
Suppose 0 = -k + 2*g + 8, -2*k - 2*k + 3*g = -7. Let n(t) = -2*t - 2. Give n(k).
2
Suppose -j = -5*j, -4*i - 3*j = -20. Let o(s) be the third derivative of 0*s**4 + 0 + 0*s + 1/120*s**6 - 1/15*s**i - s**2 + 1/6*s**3. What is o(4)?
1
Let z(g) = 9*g**3 - 19*g**2 - 11. Let v(j) = 5*j**3 - 10*j**2 - 6. Let i(w) = -11*v(w) + 6*z(w). Determine i(-4).
0
Let u(p) = -p**3 + 8*p**2 - 2*p + 5. Suppose -5*d - 20 = -5